9, 0 = 3*d - 4*y - 21487. What is the hundreds digit of d?
1
Suppose 4*n - 14674 = -5*j, 0 = -j + 9 - 7. What is the units digit of n?
6
What is the tens digit of 0*-2*10/(-60) - -19568?
6
Let w = 631 + 307. Suppose 1414 = 3*a - w. What is the tens digit of a?
8
Let r(b) be the third derivative of b**6/120 + 3*b**5/20 + b**4/12 - b**2. Let h be (-3)/(12/(-7))*-4. What is the units digit of r(h)?
4
Suppose 0*i - 4*i - 20 = -q, 12 = -4*i + 3*q. Let j be -2 + (-121)/i + (-3)/18. Let c(t) = t**3 - 18*t**2 + 7*t - 22. What is the units digit of c(j)?
4
Suppose 12*t = 4*t - 48. Let u be 3/(t/8) + 700. Suppose -y = 2*q - 351, 4*q + 0*y + 4*y - u = 0. What is the tens digit of q?
7
Let q be 6 + 1/(5/(-20)). Suppose -q*j = w - 228, -17*j + 464 = -13*j + 4*w. What is the hundreds digit of j?
1
Let l be (41426 - -8) + 8 - 2. Suppose l = -44*f + 76*f. What is the hundreds digit of f?
2
Let m be 4/(-10) + (-536)/10. Let o = 2847 - 2753. Let t = o + m. What is the units digit of t?
0
What is the tens digit of (-414)/(-483)*17038/3?
6
Let c(w) = w + 6. Let q be c(0). Suppose -33 = q*j + 291. What is the tens digit of 50/3*j/(-15)?
6
Let w(c) = -c**2 + 31*c + 79. Let j be w(-11). Let x = j - -825. What is the hundreds digit of x?
4
Let a = 62 - 58. Suppose 5*m + 5*n - a = 1, -4*m - 2*n + 6 = 0. What is the tens digit of (-846)/(-36)*2*m?
9
Let q = 26 + -13. Let b(l) be the second derivative of 11*l**3/6 + 16*l**2 - 7*l. What is the units digit of b(q)?
5
Let i be -3*((2 - 0) + 3). Let p = i + 19. Suppose 332 = p*q + 2*b, 2*b = 4*q + 5*b - 336. What is the tens digit of q?
8
Suppose 3*f - 2 = 3*l - l, 4*l - 2 = 3*f. Let p be l + (-72)/39 - 206/(-13). What is the tens digit of (24/p + -1)/(1/274)?
3
Suppose -3*k - 10*k + 546 = 0. Suppose 0 = 4*d - 17*a + 18*a - 51, 3*d = -2*a + k. What is the tens digit of d?
1
Let a = -323 + 378. Suppose -63*q + 9656 = -a*q. What is the tens digit of q?
0
Let d = -955 + 670. What is the units digit of (-6154)/(-19) + (-30)/d?
4
Let n(z) = -2*z - 78. Let v be n(-12). Suppose 4*l - 483 = -2*d - 9, 3*l = -4*d + 363. Let m = v + l. What is the tens digit of m?
6
Let q = 21589 + -14000. What is the thousands digit of q?
7
Let u be (1 + 0)/((-6)/(-48)). What is the hundreds digit of 7 - u/(48/(-3090))?
5
Let w = 10642 + 3245. What is the thousands digit of w?
3
Let i be (-1346)/((-2)/(-4 + 5)). Suppose -5*q - i = -c - 3*q, -4*q + 649 = c. What is the tens digit of c?
6
Suppose -4*y - 12 = 6*q - 2*q, 2*q + 13 = 5*y. Let r be (-8 + 12/2)/(-1*y). Suppose 3*c + 17 = 2*v, -69 = -4*v + c - r*c. What is the tens digit of v?
1
Let r be (-2)/(3*6/(-81)*3). Suppose 0 = -c + 7*c + r*c. Suppose -597 = n - 5*n - 5*q, 5*n - 3*q - 737 = c. What is the hundreds digit of n?
1
Suppose -4*f = -f. Suppose f = -3*b + 4*b - 312. What is the units digit of 21/(-14)*b/(-9)?
2
Suppose 25*z + 24866 = 27*z - 2*m, -3*z - 5*m = -37275. What is the units digit of z?
0
Suppose -71968 + 674 - 35506 = -30*f. What is the tens digit of f?
6
Let t = 18391 - 9266. What is the hundreds digit of t?
1
Let h(l) be the second derivative of 56*l**5/5 + l**4/6 + 5*l**3/2 - 15*l**2 + 313*l. What is the units digit of h(2)?
0
Let n(f) = -5*f**3 + 9*f**2 + 1060*f + 41. What is the ten thousands digit of n(-19)?
1
Let l = 31 - 29. Suppose 0 = -2*d + 3*d + l. What is the units digit of (-4)/6 + 622*d/(-12)?
3
Let g = -233 + 130. Suppose 156*n = 178*n + 1606. Let r = n - g. What is the units digit of r?
0
Suppose -4*z = -2*f - 96, -11*f = 2*z - 9*f - 42. Let b be -1 - (-1)/((-3)/27). What is the units digit of z/((-12)/b + -1)?
5
Suppose -2*z + 55409 = 3*y, 58*z - 73879 = -4*y + 55*z. What is the hundreds digit of y?
4
What is the tens digit of (17143/4 + (-2)/(-1))/((-1101)/(-2936))?
3
Suppose -17*i - 957 = -3456. Let y = i + 141. What is the units digit of y?
8
Let p = 21411 + -7316. What is the hundreds digit of p?
0
Suppose 66*p + 407163 = 11*p + 1870603. What is the thousands digit of p?
6
Let g = -139 - -134. What is the units digit of 219*g/10*-2?
9
Let w be (550/20 - 12)*(-17 - -1). Let n = w - -558. What is the tens digit of n?
1
What is the thousands digit of 1/((-4508322)/644049 + 7)?
0
Let a(s) = -67*s**2 + 13*s - 3. Let l be a(5). Let g = -877 - l. What is the hundreds digit of g?
7
Let a = 18247 - 12371. Suppose 0 = 6*y - y + 3*x - a, -y + 3*x = -1168. What is the tens digit of y?
7
Suppose -1466*m - 110198 = -1488*m. What is the hundreds digit of m?
0
Suppose 217*i - 229*i + 21392 = -19708. What is the hundreds digit of i?
4
Let s(z) = z**3 + 14*z**2 - 30*z + 35. Let x be s(-16). Suppose 0 = 3*u + x*m - 4095, 0 = 2*m - 3*m - 1. What is the tens digit of u?
6
Let p(w) = -117*w - 843. What is the hundreds digit of p(-46)?
5
Let s = 163 - 130. What is the hundreds digit of ((-220)/s)/(4/(-186)) - -4?
3
Suppose -s - 120 = 7*s. Let k(c) = -c**3 - 14*c**2 + 7*c - 36. Let j be k(s). Let h = 232 - j. What is the tens digit of h?
4
Suppose -3*k + 0*k + 21 = 0. Suppose -4*p = -5 - k. Suppose x - p*x + 192 = -3*m, 0 = x + 5*m - 83. What is the units digit of x?
3
Suppose -20*t = -9916 - 6984. Let m = 1664 - t. What is the hundreds digit of m?
8
Let n = -8 + -115. Let k = n - -172. What is the hundreds digit of (k - -1)*54/12?
2
Let k be (-9 + 22 - 13)/(5*1). Suppose k = 20*u - 383 - 1497. What is the units digit of u?
4
Let g(y) = y**3 - 19*y**2 + 15*y + 6. Let o(d) = -2*d - 2 - 5 + d**2 + 8 + d. Let m(t) = -g(t) + 6*o(t). What is the units digit of m(24)?
2
Let z = 13 - 20. Let f(y) = -2*y**3 - 5*y**2 + 22*y + 4. Let d be f(z). Suppose u - d = -3*o, 3*o + o + 2*u = 390. What is the tens digit of o?
9
Let v = -44562 + 122026. What is the ten thousands digit of v?
7
Let p = 6163 - -8204. What is the ten thousands digit of p?
1
Suppose 152033 = 7*s - 150143. What is the hundreds digit of s?
1
What is the hundreds digit of 7694 - 70/(-84)*6?
6
Suppose 2*f + 10 = 0, -4*n + 8*f + 33447 = 5*f. What is the tens digit of n?
5
Let z = -110 + 112. Let k = 102 + z. Suppose 96 = 4*c - k. What is the tens digit of c?
5
Let z(h) = -h**2 + 5*h + 6. Let y be z(-2). Let f = -8 - y. Suppose -25*n + 21*n + 584 = f. What is the tens digit of n?
4
Suppose 20*b = -j + 19*b + 206, 2*b + 1065 = 5*j. Suppose -218*c = -j*c - 119. What is the units digit of c?
7
Suppose -7126225 = -556*x + 2204011. What is the ten thousands digit of x?
1
Let m = 7 - -855. Let a = m + -551. What is the tens digit of a?
1
Suppose -j - 3*j = -364. Let g = 96 - j. Let t(f) = f**3 - 3*f + 4. What is the units digit of t(g)?
4
Let d(f) = -581*f - 890. What is the units digit of d(-21)?
1
Let s be 8/2 - -5*(-14)/(-70). Suppose k - s*p = 674, -2*k + 1383 = -5*p + 55. What is the tens digit of k?
5
Let d = 3144 - 3117. Suppose -3*p + 26 = -2*p. Suppose -d*k + p*k + 81 = 0. What is the tens digit of k?
8
Suppose -2*t - 14 = -3*t. Suppose -26 = -t*g + 408. What is the units digit of g?
1
Suppose -106 = i + 605. Let o = i + 1379. What is the tens digit of 2/10 - o/(-10)?
6
Let w(j) = 177 + 141 - 153 + 207*j + 64. What is the thousands digit of w(6)?
1
Suppose k = -5*y + 2720, 3*k + 1565 - 9699 = -2*y. What is the thousands digit of k?
2
Suppose -3*p + 15533 - 4733 = 2*p. What is the units digit of p?
0
Suppose -12*d + 53*d + 12792 = 0. Let u = 648 + d. What is the hundreds digit of u?
3
What is the thousands digit of (-4)/14 - 7/((-98)/22768) - 6?
1
Let n(c) = c**2 + c. Let b(m) = -8*m**2 - 17*m + 60. Let h(x) = -b(x) - 6*n(x). What is the hundreds digit of h(-15)?
2
Suppose -665 - 615 = 5*x. Suppose 0 = -13*d - 2176 - 190. Let p = d - x. What is the tens digit of p?
7
Let i = 90 + -41. Suppose -47*s + i*s = 8. What is the hundreds digit of ((-206)/s)/((-2)/(8/2))?
1
Suppose -5 = -4*a + 3*a - 2*y, 4*y - 17 = -3*a. Let h be 21/(-49) + (-18)/a + 5. Suppose -h*r + 152 = -2*g - g, r - g - 75 = 0. What is the units digit of r?
3
Suppose -34 = -2*t - 4*p, 2*t + 3*p - 26 - 14 = 0. Let a(f) = 2*f**2 - 2*f - 1. Let r be a(2). What is the units digit of t + -9 - (r - 2)?
9
Suppose -3*x = 4*o - 18424, -4599 = 6*o - 7*o + x. What is the units digit of o?
3
What is the tens digit of (-2 - -3)*17310 + 36/(-6)?
0
Let w = 12070 - 5930. What is the units digit of w?
0
Let l(u) = -u**3 + 2*u**2 - u + 479. Let j be l(0). Suppose -5*s = 3*h - 104 